{"id":71384,"date":"2025-06-27T15:23:03","date_gmt":"2025-06-27T15:23:03","guid":{"rendered":"https:\/\/hoch3-lauf.de\/?page_id=71384"},"modified":"2025-06-27T15:23:03","modified_gmt":"2025-06-27T15:23:03","slug":"impressum","status":"publish","type":"page","link":"https:\/\/hoch3-lauf.de\/?page_id=71384","title":{"rendered":"Impressum"},"content":{"rendered":"<p>[et_pb_section fb_built=&#8220;1&#8243; theme_builder_area=&#8220;post_content&#8220; _builder_version=&#8220;4.27.4&#8243; _module_preset=&#8220;default&#8220;][et_pb_row _builder_version=&#8220;4.27.4&#8243; _module_preset=&#8220;default&#8220; theme_builder_area=&#8220;post_content&#8220;][et_pb_column _builder_version=&#8220;4.27.4&#8243; _module_preset=&#8220;default&#8220; type=&#8220;4_4&#8243; theme_builder_area=&#8220;post_content&#8220;][et_pb_text _builder_version=&#8220;4.27.4&#8243; _module_preset=&#8220;default&#8220; theme_builder_area=&#8220;post_content&#8220; hover_enabled=&#8220;0&#8243; sticky_enabled=&#8220;0&#8243;]<\/p>\n<div class=\"frame-header\">\n<h2 class=\"element-header text-left\"><span>Inhalt &amp; Betrieb<\/span><\/h2>\n<\/div>\n<p>Anbieter im Sinne des DDG ist der<br \/><strong>Zweckverband Gewerbepark Raum Offenburg &#8211; Gesch\u00e4ftsstelle: c\/o Stadt Offenburg Wirtschaftsf\u00f6rderung (Website-Betreiber)<\/strong><br \/>Verbandsvorsitzender Andreas Heck<br \/>Hauptstra\u00dfe 90<br \/>77652 Offenburg<br \/>Postfach 24 50<br \/>77614 Offenburg<br \/>Telefon: +49 (0) 781 &#8211; 82 24 86<br \/>Telefax: +49 (0) 781 &#8211; 82 75 73<br \/>E-Mail:<span>\u00a0<\/span><a rel=\"noopener noreferrer nofollow\" class=\"mail\" title=\"\u00d6ffnet das Standard E-Mail Programm und sendet eine E-Mail an wirtschaftsfoerderung@offenburg.de\">wirtschaftsfoerderung(@)offenburg.de<\/a><\/p>\n<p>Der<span>\u00a0<\/span><strong>Zweckverband Gewerbepark Raum Offenburg<span>\u00a0<\/span><\/strong>ist eine K\u00f6rperschaft des \u00d6ffentlichen Rechts. Sie wird vertreten durch den Verbandsvorsitzenden Andreas Heck, B\u00fcrgermeister der Gemeinde Hohberg. Inhaltlich Verantwortlicher gem\u00e4\u00df \u00a75 Digitale-Dienste-Gesetz (DDG): Andreas Heck (Anschrift wie oben).<\/p>\n<p>[\/et_pb_text][\/et_pb_column][\/et_pb_row][\/et_pb_section]<\/p>\n","protected":false},"excerpt":{"rendered":"<p>Inhalt &amp; Betrieb Anbieter im Sinne des DDG ist derZweckverband Gewerbepark Raum Offenburg &#8211; Gesch\u00e4ftsstelle: c\/o Stadt Offenburg Wirtschaftsf\u00f6rderung (Website-Betreiber)Verbandsvorsitzender Andreas HeckHauptstra\u00dfe 9077652 OffenburgPostfach 24 5077614 OffenburgTelefon: +49 (0) 781 &#8211; 82 24 86Telefax: +49 (0) 781 &#8211; 82 75 73E-Mail:\u00a0wirtschaftsfoerderung(@)offenburg.de Der\u00a0Zweckverband Gewerbepark Raum Offenburg\u00a0ist eine K\u00f6rperschaft des \u00d6ffentlichen Rechts. Sie wird vertreten durch den [&hellip;]<\/p>\n","protected":false},"author":1,"featured_media":0,"parent":0,"menu_order":0,"comment_status":"closed","ping_status":"closed","template":"","meta":{"_et_pb_use_builder":"on","_et_pb_old_content":"","_et_gb_content_width":"","footnotes":""},"class_list":["post-71384","page","type-page","status-publish","hentry"],"_links":{"self":[{"href":"https:\/\/hoch3-lauf.de\/index.php?rest_route=\/wp\/v2\/pages\/71384","targetHints":{"allow":["GET"]}}],"collection":[{"href":"https:\/\/hoch3-lauf.de\/index.php?rest_route=\/wp\/v2\/pages"}],"about":[{"href":"https:\/\/hoch3-lauf.de\/index.php?rest_route=\/wp\/v2\/types\/page"}],"author":[{"embeddable":true,"href":"https:\/\/hoch3-lauf.de\/index.php?rest_route=\/wp\/v2\/users\/1"}],"replies":[{"embeddable":true,"href":"https:\/\/hoch3-lauf.de\/index.php?rest_route=%2Fwp%2Fv2%2Fcomments&post=71384"}],"version-history":[{"count":2,"href":"https:\/\/hoch3-lauf.de\/index.php?rest_route=\/wp\/v2\/pages\/71384\/revisions"}],"predecessor-version":[{"id":71386,"href":"https:\/\/hoch3-lauf.de\/index.php?rest_route=\/wp\/v2\/pages\/71384\/revisions\/71386"}],"wp:attachment":[{"href":"https:\/\/hoch3-lauf.de\/index.php?rest_route=%2Fwp%2Fv2%2Fmedia&parent=71384"}],"curies":[{"name":"wp","href":"https:\/\/api.w.org\/{rel}","templated":true}]}}